greatest common divisor of r and 12?
4
Let n = 158 + -29. Calculate the greatest common factor of 3 and n.
3
Suppose 5*f - 48 = 2*t, 3*t = -5*f + 20 + 8. Let n(a) = f - 7 + 28*a - 5. Let m be n(1). What is the greatest common divisor of 16 and m?
8
Suppose -h = -4*a + 119, a - 1 - 33 = -4*h. What is the highest common divisor of a and 96?
6
Let p(v) = -v**3 + 2*v**2 + 9*v - 6. Let l be p(3). What is the greatest common divisor of 16 and l?
4
Suppose 20*b - 192 = 8*b. Suppose -87 = -3*u + 57. Calculate the highest common divisor of u and b.
16
Let u(h) = -h**2 - 4*h - 5. Let j be u(-3). Let a be -1 - 1 - (5 + j). Let t = a + 23. What is the highest common factor of 6 and t?
6
Suppose 249 = 4*t - 327. Calculate the highest common divisor of t and 80.
16
Suppose -4*o + 0 = -20. Suppose -5*c = 3*v - 610, -2*v = -o*c + 3*v + 650. Calculate the highest common factor of c and 25.
25
Let d(h) = 3*h**2 + 17*h + 10. Let p be (-42)/4 + 11/(-22). Let z be d(p). Suppose -3*f + z = -150. Calculate the greatest common factor of 14 and f.
14
Let c(j) = -j - 4. Let m be c(-7). Let d be ((-5)/3 + m)*66. Let y = d + -58. Calculate the greatest common factor of y and 45.
15
Suppose 0 = 56*n - 55*n - 21. Calculate the highest common divisor of 84 and n.
21
Let y(r) = 17*r**2 - 14*r - 10. Let a be y(-6). Calculate the highest common divisor of 56 and a.
14
Suppose -7*k + 10*k - 27 = 0. Suppose -4*t - 1 + k = 0. Let c be t/(-4)*2 + 208. What is the greatest common factor of c and 23?
23
Let z = 101 - 92. Let p be z*4/(-6)*-14. What is the highest common divisor of p and 12?
12
Let d = -2 - -8. Let n(h) = -8*h + 282. Let v be n(35). Suppose 240 = -v*s + d*s. What is the highest common divisor of s and 15?
15
Let r be ((-18)/(-45))/(2/10). Let j be (4 - 3)/(r/44). Calculate the greatest common divisor of 55 and j.
11
Let k be 1 - (2 - 28)/2. Let h(y) = 191*y**3 + y + 1. Let x be h(-1). Let b = -93 - x. Calculate the highest common factor of k and b.
14
Suppose -31*p = -27*p - 304. Let l = p + -73. Calculate the greatest common divisor of 1 and l.
1
Let n be 2 + -1 + 8/1. Suppose 0*f = -b - f + 12, 0 = -5*f. Let p be (-2)/3 - ((-4784)/b)/4. Calculate the greatest common divisor of p and n.
9
Let j(l) = -14 - 55*l + 14. Let a be j(-1). What is the highest common divisor of 22 and a?
11
Let m(n) be the third derivative of -n**4/24 - 2*n**3/3 + 3*n**2. Let v be m(-3). Let c = v + 4. What is the greatest common factor of c and 33?
3
Let t(w) = 3*w - 5. Let v be t(5). Suppose -j - 3*a + 10 = 0, 3*a = -2*j + v + 7. Suppose -7 = -2*r + j. What is the highest common factor of r and 7?
7
Let t be 94/6 + 2/(-3). Let p be ((-335)/(-25) - -1)*5/1. Suppose 2*a + p + 339 = 3*x, 4*x - a - 543 = 0. Calculate the highest common factor of x and t.
15
Suppose 255 = 4*t - 2*k - k, k - 201 = -3*t. Suppose -t = -2*y + 2*q, 2*q + 13 = 4*y - 109. Calculate the greatest common divisor of 84 and y.
28
Suppose 3*h - 71 = -x + h, 0 = 2*x - 3*h - 177. Suppose 5*m - x - 19 = 0. What is the greatest common divisor of 20 and m?
20
Let m = 424 + -388. What is the greatest common factor of 684 and m?
36
Suppose -58 = 8*a - 746. What is the highest common divisor of a and 86?
86
Let h be (-4)/3*3/(-2). Suppose 0 = 4*b + 50 - 322. Suppose -c = -h*c + b. What is the greatest common factor of c and 17?
17
Suppose -3*z = -2*z - 4. Let m be 17604/84 - z/7. Calculate the greatest common factor of 19 and m.
19
Let h be ((-36)/(-14))/(104/728). Let a(b) = 1 + 4*b**2 + 2 - 4*b - 6. Let c be a(-3). What is the greatest common factor of h and c?
9
Suppose -x - 3*s = -9, -x = -5*x - s + 47. Let g be (10/(-10))/(2/(-64)). Suppose -g = -2*n - 2*n. What is the greatest common divisor of x and n?
4
Suppose -2*p - 8 = 0, p - 140 = 3*x - 0*x. Let n be (12/10)/((x/(-75))/8). Calculate the greatest common divisor of 30 and n.
15
Let r = -749 + 836. Calculate the highest common divisor of r and 3.
3
Suppose -32*n + 36*n = -3*d + 84, -4*n + 2*d = -84. Calculate the greatest common factor of n and 210.
21
Suppose -9*n - 23*n = -2592. What is the highest common divisor of 144 and n?
9
Suppose 10*a = 12*a - 4. Suppose -a*q - 4*q = -1938. What is the greatest common factor of q and 19?
19
Let l(r) = -r**3 - 17*r**2 - 17*r - 34. Let n(i) = i**2 + i + 1. Let d(o) = -l(o) - 3*n(o). Let h be d(-13). Calculate the highest common factor of h and 54.
18
Let v be 45/6*(-24 + 212). What is the greatest common divisor of 30 and v?
30
Let f(s) = s**2 - 3*s + 4. Let i = -85 + 87. Let a be f(i). Calculate the greatest common divisor of 3 and a.
1
Let c(b) = b**2 + 2*b - 7. Let z be c(15). What is the highest common divisor of z and 16?
8
Suppose 4*b + 11 = i, 5*i + 0*b - 3*b = 4. Let m be (7 + 1)/(i/(-2)). Calculate the highest common divisor of m and 64.
16
Let x(u) = u**2 - 41. Let n be x(7). Let z = -2 + n. Let o = 22 - 7. Calculate the greatest common divisor of z and o.
3
Let q be (7 - 95/15) + 435/9. What is the highest common factor of q and 7?
7
Suppose 5*a + 5*p = 45, -10*a + 3*p - 18 = -12*a. Calculate the highest common factor of 927 and a.
9
Let v = -190 + 236. Calculate the highest common divisor of v and 506.
46
Let m(w) = 113*w**2 - 3*w. Let j be m(-3). Let s be (-1)/((-2)/j*3). Calculate the highest common factor of s and 19.
19
Let y be 1/(-4) - (-387)/(-36). Let i = y - -2. Let n be (-2)/i + 1378/117. Calculate the highest common factor of 132 and n.
12
Let c(p) be the second derivative of -2*p**3/3 - 15*p**2/2 - 21*p. Let u be c(-8). Calculate the greatest common divisor of 119 and u.
17
Let u(l) = -5*l**3 - 3*l**2 + l + 2. Suppose 3*g = 5*g - 2. Let c = -1 - g. Let p be u(c). What is the greatest common divisor of p and 70?
14
Let b(q) = q**3 + 16*q**2 - 18*q - 13. Let t be b(-17). Let m be 8/(-5)*(4 - 106/t). What is the highest common divisor of 6 and m?
6
Let q = -5 + 49. Suppose 3*b - q = 202. Let j = b - -3. What is the highest common factor of j and 17?
17
Let i(m) = m**3 - 2*m**2 + 2*m - 2. Suppose -4 = -4*t + 2*t. Let z be i(t). Calculate the highest common divisor of 4 and z.
2
Let k = -8 - -28. Suppose 0 = l - 4*d - k, -3*d = 4*l + 2*d + 4. What is the highest common divisor of l and 8?
4
Let r be ((-580)/(-25))/(-3 + 274/90). Calculate the highest common divisor of 116 and r.
58
Suppose 0 = 2*i - 8. Suppose -y + 50 = i*y. Suppose q = -3*k + 5*q - 9, 5*k + 3*q - 14 = 0. What is the highest common divisor of y and k?
1
Let t(n) = 16*n - 14. Let h = -120 + 125. Let v be t(h). Suppose 0 = -l - l + 66. What is the highest common divisor of v and l?
33
Let f(i) = i**3 + 2*i**2 + 6*i + 7. Let x be f(5). Suppose 5*u = -n + 283, u - 5*u + 4*n + x = 0. What is the highest common divisor of u and 8?
8
Let g be 1 + -13 + (-4 - -4). Let j = g - -22. Let m = -164 - -274. Calculate the highest common divisor of j and m.
10
Let v = -1854 + 1856. Suppose -2*i - 14 = -4*a, -2*i - 2 = 3*a - a. Suppose 0 - a = -d. What is the greatest common factor of v and d?
2
Let s = -74 - -98. What is the greatest common factor of 9 and s?
3
Suppose -3*w + 636 = -4*z - 3812, z + 1127 = -3*w. Let i be -7 + z/(-75) + 2/15. What is the greatest common divisor of i and 72?
8
Suppose 510*c + 3640 = 515*c. What is the highest common divisor of 28 and c?
28
Let d = -193 + 441. Calculate the greatest common factor of 8 and d.
8
Let k be 13*-1*(72 + -73). Calculate the highest common divisor of k and 533.
13
Suppose 11*a - 5507 = -5430. What is the greatest common factor of 20 and a?
1
Let i be -2 - -30 - (11 - (0 - -5)). Calculate the highest common divisor of 451 and i.
11
Let r be ((-5)/(-15))/(3940/(-1314) + 3). Calculate the greatest common divisor of r and 3.
3
Let o be (-35811)/(-153) - (-5)/(-85). Calculate the greatest common divisor of o and 78.
78
Let d be 5/(-45) - (-76)/36. Suppose d*i + r = -2*r + 411, -i + 2*r + 209 = 0. Let v = i - 109. Calculate the greatest common factor of v and 14.
14
Let u(j) = j + 13. Let p be u(-11). Suppose 0 = o - 6*o - p*a - 6, 3*o - 3 = a. Suppose 3*y - 29 - 13 = o. Calculate the highest common divisor of 56 and y.
14
Let o = 17 + 1. Suppose -5*v + 1 = 4*p - 6, -4*v = -p + 7. Suppose 2 = 4*a - p*a. Calculate the highest common divisor of a and o.
2
Let w be 2/2 + -5 - 3. Let q(j) = j**2 + 6*j. Let n be q